[Thu May 15 16:42:43.150443 2025] [core:error] [pid 10068:tid 1452] (20024)The given path is misformatted or contained invalid characters: [remote 34.55.252.39:58238] AH00127: Cannot map GET /wp-content/uploads/2021/10/logo.png%20362w,%20https://disabilityleadership.dev/wp-content/uploads/2021/10/logo-300x55.png%20300w HTTP/2.0 to file
[Thu May 15 16:42:43.166046 2025] [core:error] [pid 10068:tid 1348] (20024)The given path is misformatted or contained invalid characters: [remote 34.55.252.39:58238] AH00127: Cannot map GET /wp-content/uploads/2021/11/imgpsh_fullsize_anim-1.jpeg%20855w,%20https://disabilityleadership.dev/wp-content/uploads/2021/11/imgpsh_fullsize_anim-1-300x200.jpeg%20300w,%20https://disabilityleadership.dev/wp-content/uploads/2021/11/imgpsh_fullsize_anim-1-768x512.jpeg%20768w,%20https://disabilityleadership.dev/wp-content/uploads/2021/11/imgpsh_fullsize_anim-1-270x180.jpeg%20270w HTTP/2.0 to file
[Thu May 15 16:42:43.166046 2025] [core:error] [pid 10068:tid 1348] (20024)The given path is misformatted or contained invalid characters: [remote 34.55.252.39:58238] AH00127: Cannot map GET /wp-content/uploads/2021/12/imgpsh_fullsize_anim_50-768x512.jpeg%20768w,%20https://disabilityleadership.dev/wp-content/uploads/2021/12/imgpsh_fullsize_anim_50-300x200.jpeg%20300w,%20https://disabilityleadership.dev/wp-content/uploads/2021/12/imgpsh_fullsize_anim_50-1024x683.jpeg%201024w,%20https://disabilityleadership.dev/wp-content/uploads/2021/12/imgpsh_fullsize_anim_50-1536x1024.jpeg%201536w,%20https://disabilityleadership.dev/wp-content/uploads/2021/12/imgpsh_fullsize_anim_50-270x180.jpeg%20270w HTTP/2.0 to file
[Thu May 15 16:42:43.166046 2025] [core:error] [pid 10068:tid 1292] (20024)The given path is misformatted or contained invalid characters: [remote 34.55.252.39:58238] AH00127: Cannot map GET /wp-content/uploads/2021/12/imgpsh_fullsize_anim_1_50-768x512.jpeg%20768w,%20https://disabilityleadership.dev/wp-content/uploads/2021/12/imgpsh_fullsize_anim_1_50-300x200.jpeg%20300w,%20https://disabilityleadership.dev/wp-content/uploads/2021/12/imgpsh_fullsize_anim_1_50-1024x683.jpeg%201024w,%20https://disabilityleadership.dev/wp-content/uploads/2021/12/imgpsh_fullsize_anim_1_50-1536x1024.jpeg%201536w,%20https://disabilityleadership.dev/wp-content/uploads/2021/12/imgpsh_fullsize_anim_1_50-270x180.jpeg%20270w HTTP/2.0 to file
[Thu May 15 16:42:43.166046 2025] [core:error] [pid 10068:tid 1348] (20024)The given path is misformatted or contained invalid characters: [remote 34.55.252.39:58238] AH00127: Cannot map GET /wp-content/uploads/2021/10/3-2-768x514.jpeg%20768w,%20https://disabilityleadership.dev/wp-content/uploads/2021/10/3-2-300x201.jpeg%20300w,%20https://disabilityleadership.dev/wp-content/uploads/2021/10/3-2-1024x685.jpeg%201024w,%20https://disabilityleadership.dev/wp-content/uploads/2021/10/3-2-270x180.jpeg%20270w,%20https://disabilityleadership.dev/wp-content/uploads/2021/10/3-2-770x515.jpeg%20770w,%20https://disabilityleadership.dev/wp-content/uploads/2021/10/3-2.jpeg%201500w HTTP/2.0 to file
[Mon May 26 09:38:46.027814 2025] [core:error] [pid 10068:tid 1796] (20025)The given path contained wildcard characters: [client 124.243.168.136:34956] AH00036: access to /* failed (filesystem path 'C:/APACHEWEBSITES/disabilityleadership.dev/*')
[Wed Jul 16 02:24:13.362224 2025] [win32:error] [pid 5184:tid 1732] [client 196.251.87.106:33060] AH02102: C:/Apache24/cgi-bin/printenv.pl is not executable; ensure interpreted scripts have "#!" or "'!" first line, referer: 127.0.0.1
[Wed Jul 16 02:24:13.362224 2025] [cgi:error] [pid 5184:tid 1732] (9)Bad file descriptor: [client 196.251.87.106:33060] AH01222: don't know how to spawn child process: C:/Apache24/cgi-bin/printenv.pl, referer: 127.0.0.1
[Wed Jul 16 02:25:36.871587 2025] [core:alert] [pid 5184:tid 1784] [client 196.251.87.106:41524] C:/APACHEWEBSITES/disabilityleadership.dev/wp-content/uploads/wp-file-manager-pro/fm_backup/.htaccess: Invalid command 'deny', perhaps misspelled or defined by a module not included in the server configuration, referer: 127.0.0.1
[Wed Jul 16 02:35:54.688287 2025] [core:error] [pid 5184:tid 1912] (22)Invalid argument: [client 196.251.87.106:59954] AH00127: Cannot map GET /%c0 HTTP/1.1 to file, referer: 127.0.0.1
[Sat Sep 06 21:55:37.610465 2025] [core:error] [pid 5184:tid 1904] (20024)The given path is misformatted or contained invalid characters: [client 154.213.199.213:31699] AH00127: Cannot map GET /config.php%7C/.env%7Csettings.py HTTP/1.1 to file
[Wed Sep 10 13:47:38.650029 2025] [core:error] [pid 5184:tid 1676] (20024)The given path is misformatted or contained invalid characters: [client 156.228.190.146:15757] AH00127: Cannot map GET /config.php%7C/.env%7Csettings.py HTTP/1.1 to file
[Wed Sep 10 13:47:59.067823 2025] [core:error] [pid 5184:tid 1676] (20024)The given path is misformatted or contained invalid characters: [client 156.228.190.146:28715] AH00127: Cannot map GET /.git%7C/.svn HTTP/1.1 to file
[Sun Sep 21 18:54:51.960941 2025] [core:error] [pid 5184:tid 1316] [remote 20.171.207.115:53130] AH10244: invalid URI path (/wp-content/themes/contentberg/js/%url%)
[Thu Oct 30 04:19:08.117068 2025] [core:error] [pid 5184:tid 1408] [remote 74.7.227.14:45472] AH10244: invalid URI path (/wp-content/themes/contentberg/js/%url%)
[Fri Oct 31 11:21:35.250801 2025] [core:error] [pid 5184:tid 1472] (20024)The given path is misformatted or contained invalid characters: [remote 74.7.227.14:39052] AH00127: Cannot map GET /%22%22).concat(this.escapeHTML(url), HTTP/2.0 to file
[Tue Nov 11 10:29:08.584019 2025] [authz_core:error] [pid 5184:tid 1352] [remote 62.60.131.151:56179] AH01630: client denied by server configuration: C:/APACHEWEBSITES/disabilityleadership.dev/.htaccess
[Thu Dec 11 18:03:12.599601 2025] [core:error] [pid 5184:tid 1732] (20025)The given path contained wildcard characters: [client 66.249.77.200:43104] AH00036: access to /* failed (filesystem path 'C:/APACHEWEBSITES/disabilityleadership.dev/*')
[Thu Dec 11 19:09:47.028062 2025] [core:error] [pid 5184:tid 1560] (20025)The given path contained wildcard characters: [client 66.249.77.200:48210] AH00036: access to /wp-content/plugins/* failed (filesystem path 'C:/APACHEWEBSITES/disabilityleadership.dev/wp-content/plugins/*')
[Thu Dec 11 19:17:52.626783 2025] [core:error] [pid 5184:tid 1800] (20025)The given path contained wildcard characters: [client 66.249.77.200:47288] AH00036: access to /wp-content/uploads/* failed (filesystem path 'C:/APACHEWEBSITES/disabilityleadership.dev/wp-content/uploads/*')
[Thu Dec 11 20:29:47.053255 2025] [core:error] [pid 5184:tid 1780] (20025)The given path contained wildcard characters: [client 66.249.77.201:40493] AH00036: access to /wp-content/* failed (filesystem path 'C:/APACHEWEBSITES/disabilityleadership.dev/wp-content/*')
[Mon Dec 15 20:24:16.583576 2025] [core:error] [pid 5184:tid 1256] [remote 74.7.243.233:41310] AH10244: invalid URI path (/wp-content/themes/contentberg/js/%url%)
[Tue Dec 16 03:34:49.626260 2025] [core:error] [pid 5184:tid 1920] (20025)The given path contained wildcard characters: [client 66.249.75.2:40507] AH00036: access to /wp-content/* failed (filesystem path 'C:/APACHEWEBSITES/disabilityleadership.dev/wp-content/*')
[Tue Dec 16 18:13:10.416303 2025] [core:error] [pid 5184:tid 6328] (20024)The given path is misformatted or contained invalid characters: [remote 74.7.227.36:34216] AH00127: Cannot map GET /%22%22).concat(this.escapeHTML(url), HTTP/2.0 to file
[Tue Dec 16 18:18:49.037153 2025] [core:error] [pid 5184:tid 1420] (20024)The given path is misformatted or contained invalid characters: [remote 74.7.227.36:46332] AH00127: Cannot map GET /%22%22+c+%22/%22 HTTP/2.0 to file
[Tue Dec 16 18:18:50.304936 2025] [core:error] [pid 5184:tid 1296] (20024)The given path is misformatted or contained invalid characters: [remote 74.7.227.36:46332] AH00127: Cannot map GET /%22%22+d+%22/%22 HTTP/2.0 to file
[Thu Jan 15 23:32:30.913009 2026] [core:alert] [pid 5184:tid 1664] [client 52.230.120.92:5287] C:/APACHEWEBSITES/disabilityleadership.dev/wp-content/uploads/wpcf7_uploads/.htaccess: Invalid command 'Deny', perhaps misspelled or defined by a module not included in the server configuration
[Fri Jan 16 10:17:57.534535 2026] [core:error] [pid 5184:tid 1796] (20025)The given path contained wildcard characters: [client 101.198.0.142:39948] AH00036: access to /wp-content/plugins/*","/readme.txt failed (filesystem path 'C:/APACHEWEBSITES/disabilityleadership.dev/wp-content/plugins/*","')
[Fri Jan 16 10:53:49.666675 2026] [core:error] [pid 5184:tid 1796] (20025)The given path contained wildcard characters: [client 27.115.124.97:1115] AH00036: access to /wp-content/plugins/*","/readme.txt failed (filesystem path 'C:/APACHEWEBSITES/disabilityleadership.dev/wp-content/plugins/*","')
[Mon Jan 19 22:04:28.698593 2026] [core:alert] [pid 5184:tid 1776] [client 4.194.136.19:13035] C:/APACHEWEBSITES/disabilityleadership.dev/wp-content/uploads/wpcf7_uploads/.htaccess: Invalid command 'Deny', perhaps misspelled or defined by a module not included in the server configuration
[Tue Jan 20 19:08:35.165774 2026] [core:alert] [pid 5184:tid 1540] [client 52.147.68.140:28067] C:/APACHEWEBSITES/disabilityleadership.dev/wp-content/uploads/wpcf7_uploads/.htaccess: Invalid command 'Deny', perhaps misspelled or defined by a module not included in the server configuration
[Tue Jan 20 19:54:40.334092 2026] [cgi:error] [pid 5184:tid 1776] [client 65.52.167.153:54476] AH02811: script not found or unable to stat: C:/Apache24/cgi-bin/wp-2019.php
[Tue Jan 20 19:55:36.801959 2026] [cgi:error] [pid 5184:tid 1776] [client 65.52.167.153:54511] AH02812: attempt to invoke directory as script: C:/Apache24/cgi-bin/
[Tue Jan 20 19:55:44.591874 2026] [core:alert] [pid 5184:tid 1776] [client 65.52.167.153:54511] C:/APACHEWEBSITES/disabilityleadership.dev/wp-content/uploads/wpcf7_uploads/.htaccess: Invalid command 'Deny', perhaps misspelled or defined by a module not included in the server configuration
[Tue Jan 20 19:55:49.141097 2026] [cgi:error] [pid 5184:tid 1776] [client 65.52.167.153:54511] AH02811: script not found or unable to stat: C:/Apache24/cgi-bin/wp-login.php
[Wed Jan 21 00:56:04.821741 2026] [cgi:error] [pid 5184:tid 1588] [client 20.196.90.228:33377] AH02811: script not found or unable to stat: C:/Apache24/cgi-bin/wp-2019.php
[Wed Jan 21 00:56:57.405634 2026] [cgi:error] [pid 5184:tid 1588] [client 20.196.90.228:23661] AH02812: attempt to invoke directory as script: C:/Apache24/cgi-bin/
[Wed Jan 21 00:57:04.615566 2026] [core:alert] [pid 5184:tid 1588] [client 20.196.90.228:23661] C:/APACHEWEBSITES/disabilityleadership.dev/wp-content/uploads/wpcf7_uploads/.htaccess: Invalid command 'Deny', perhaps misspelled or defined by a module not included in the server configuration
[Wed Jan 21 00:57:09.289058 2026] [cgi:error] [pid 5184:tid 1588] [client 20.196.90.228:23661] AH02811: script not found or unable to stat: C:/Apache24/cgi-bin/wp-login.php
[Wed Jan 21 02:48:14.664103 2026] [core:alert] [pid 5184:tid 1576] [client 65.52.167.153:30870] C:/APACHEWEBSITES/disabilityleadership.dev/wp-content/uploads/wpcf7_uploads/.htaccess: Invalid command 'Deny', perhaps misspelled or defined by a module not included in the server configuration
[Wed Jan 21 15:22:42.529261 2026] [cgi:error] [pid 5184:tid 2008] [client 65.52.167.153:53984] AH02811: script not found or unable to stat: C:/Apache24/cgi-bin/wp-2019.php
[Wed Jan 21 15:23:38.145467 2026] [cgi:error] [pid 5184:tid 2008] [client 65.52.167.153:5463] AH02812: attempt to invoke directory as script: C:/Apache24/cgi-bin/
[Wed Jan 21 15:23:45.404591 2026] [core:alert] [pid 5184:tid 2008] [client 65.52.167.153:5463] C:/APACHEWEBSITES/disabilityleadership.dev/wp-content/uploads/wpcf7_uploads/.htaccess: Invalid command 'Deny', perhaps misspelled or defined by a module not included in the server configuration
[Wed Jan 21 15:23:49.826503 2026] [cgi:error] [pid 5184:tid 2008] [client 65.52.167.153:5463] AH02811: script not found or unable to stat: C:/Apache24/cgi-bin/wp-login.php
[Wed Jan 21 20:26:24.993876 2026] [cgi:error] [pid 5184:tid 1816] [client 52.231.68.47:2908] AH02812: attempt to invoke directory as script: C:/Apache24/cgi-bin/
[Wed Jan 21 21:28:39.778020 2026] [core:alert] [pid 5184:tid 1724] [client 20.192.24.172:12605] C:/APACHEWEBSITES/disabilityleadership.dev/wp-content/uploads/wpcf7_uploads/.htaccess: Invalid command 'Deny', perhaps misspelled or defined by a module not included in the server configuration
[Wed Jan 21 21:29:21.935845 2026] [cgi:error] [pid 5184:tid 1724] [client 20.192.24.172:12605] AH02812: attempt to invoke directory as script: C:/Apache24/cgi-bin/
[Thu Jan 22 07:49:15.920823 2026] [core:alert] [pid 5184:tid 1592] [client 4.190.200.152:18200] C:/APACHEWEBSITES/disabilityleadership.dev/wp-content/uploads/wpcf7_uploads/.htaccess: Invalid command 'Deny', perhaps misspelled or defined by a module not included in the server configuration
[Thu Jan 22 07:49:52.231991 2026] [cgi:error] [pid 5184:tid 1592] [client 4.190.200.152:18200] AH02812: attempt to invoke directory as script: C:/Apache24/cgi-bin/
[Thu Jan 22 19:47:46.455458 2026] [cgi:error] [pid 5184:tid 1936] [client 20.205.10.3:47604] AH02811: script not found or unable to stat: C:/Apache24/cgi-bin/wp-2019.php
[Thu Jan 22 19:48:43.611987 2026] [cgi:error] [pid 5184:tid 1936] [client 20.205.10.3:7087] AH02812: attempt to invoke directory as script: C:/Apache24/cgi-bin/
[Thu Jan 22 19:48:51.268402 2026] [core:alert] [pid 5184:tid 1936] [client 20.205.10.3:7087] C:/APACHEWEBSITES/disabilityleadership.dev/wp-content/uploads/wpcf7_uploads/.htaccess: Invalid command 'Deny', perhaps misspelled or defined by a module not included in the server configuration
[Thu Jan 22 19:48:55.974987 2026] [cgi:error] [pid 5184:tid 1936] [client 20.205.10.3:7087] AH02811: script not found or unable to stat: C:/Apache24/cgi-bin/wp-login.php
[Fri Jan 23 06:40:02.233648 2026] [core:alert] [pid 5184:tid 1816] [client 20.28.217.16:65521] C:/APACHEWEBSITES/disabilityleadership.dev/wp-content/uploads/wpcf7_uploads/.htaccess: Invalid command 'Deny', perhaps misspelled or defined by a module not included in the server configuration
[Fri Jan 23 13:43:09.547064 2026] [core:alert] [pid 5184:tid 1952] [client 20.70.170.217:20689] C:/APACHEWEBSITES/disabilityleadership.dev/wp-content/uploads/wpcf7_uploads/.htaccess: Invalid command 'Deny', perhaps misspelled or defined by a module not included in the server configuration
[Fri Jan 23 13:44:00.401038 2026] [cgi:error] [pid 5184:tid 1952] [client 20.70.170.217:20689] AH02812: attempt to invoke directory as script: C:/Apache24/cgi-bin/
[Sat Jan 24 07:03:24.675168 2026] [core:alert] [pid 5184:tid 1640] [client 4.190.195.218:8282] C:/APACHEWEBSITES/disabilityleadership.dev/wp-content/uploads/wpcf7_uploads/.htaccess: Invalid command 'Deny', perhaps misspelled or defined by a module not included in the server configuration
[Sat Jan 24 07:04:09.873376 2026] [cgi:error] [pid 5184:tid 1640] [client 4.190.195.218:8282] AH02812: attempt to invoke directory as script: C:/Apache24/cgi-bin/
[Sun Jan 25 00:49:51.308360 2026] [core:alert] [pid 5184:tid 1844] [client 4.194.24.19:14334] C:/APACHEWEBSITES/disabilityleadership.dev/wp-content/uploads/wpcf7_uploads/.htaccess: Invalid command 'Deny', perhaps misspelled or defined by a module not included in the server configuration
[Sun Jan 25 00:50:40.069469 2026] [cgi:error] [pid 5184:tid 1844] [client 4.194.24.19:14334] AH02812: attempt to invoke directory as script: C:/Apache24/cgi-bin/
[Mon Jan 26 05:20:18.353240 2026] [core:alert] [pid 5184:tid 1872] [client 4.190.195.218:19434] C:/APACHEWEBSITES/disabilityleadership.dev/wp-content/uploads/wpcf7_uploads/.htaccess: Invalid command 'Deny', perhaps misspelled or defined by a module not included in the server configuration
[Mon Jan 26 18:29:05.762424 2026] [cgi:error] [pid 5184:tid 1860] [client 20.205.35.14:26279] AH02812: attempt to invoke directory as script: C:/Apache24/cgi-bin/
[Mon Jan 26 18:30:05.969845 2026] [core:alert] [pid 5184:tid 1860] [client 20.205.35.14:26279] C:/APACHEWEBSITES/disabilityleadership.dev/wp-content/uploads/wpcf7_uploads/.htaccess: Invalid command 'Deny', perhaps misspelled or defined by a module not included in the server configuration
[Tue Jan 27 19:55:44.406417 2026] [core:alert] [pid 5184:tid 1952] [client 20.213.25.204:4149] C:/APACHEWEBSITES/disabilityleadership.dev/wp-content/uploads/wpcf7_uploads/.htaccess: Invalid command 'Deny', perhaps misspelled or defined by a module not included in the server configuration
[Tue Jan 27 19:56:25.647098 2026] [cgi:error] [pid 5184:tid 1952] [client 20.213.25.204:4149] AH02812: attempt to invoke directory as script: C:/Apache24/cgi-bin/
[Tue Jan 27 20:10:29.090467 2026] [cgi:error] [pid 5184:tid 1952] [client 20.200.210.155:21788] AH02812: attempt to invoke directory as script: C:/Apache24/cgi-bin/
[Wed Jan 28 17:02:26.766621 2026] [cgi:error] [pid 5184:tid 1624] [client 20.200.210.155:42790] AH02812: attempt to invoke directory as script: C:/Apache24/cgi-bin/
[Wed Jan 28 20:19:41.302209 2026] [core:alert] [pid 5184:tid 1708] [client 40.115.138.121:23371] C:/APACHEWEBSITES/disabilityleadership.dev/wp-content/uploads/wpcf7_uploads/.htaccess: Invalid command 'Deny', perhaps misspelled or defined by a module not included in the server configuration
[Thu Jan 29 09:06:29.073734 2026] [core:alert] [pid 5184:tid 2024] [client 20.205.97.28:7085] C:/APACHEWEBSITES/disabilityleadership.dev/wp-content/uploads/wpcf7_uploads/.htaccess: Invalid command 'Deny', perhaps misspelled or defined by a module not included in the server configuration
[Thu Jan 29 12:49:04.978199 2026] [cgi:error] [pid 5184:tid 1636] [client 20.200.210.155:8424] AH02812: attempt to invoke directory as script: C:/Apache24/cgi-bin/
[Thu Jan 29 23:53:44.206109 2026] [cgi:error] [pid 5184:tid 1592] [client 52.230.35.34:10158] AH02812: attempt to invoke directory as script: C:/Apache24/cgi-bin/
[Thu Jan 29 23:53:51.285222 2026] [core:alert] [pid 5184:tid 1592] [client 52.230.35.34:10158] C:/APACHEWEBSITES/disabilityleadership.dev/wp-content/uploads/wpcf7_uploads/.htaccess: Invalid command 'Deny', perhaps misspelled or defined by a module not included in the server configuration
[Fri Jan 30 09:32:52.963135 2026] [cgi:error] [pid 5184:tid 1896] [client 20.200.210.155:22923] AH02812: attempt to invoke directory as script: C:/Apache24/cgi-bin/
[Fri Jan 30 16:41:46.067165 2026] [core:alert] [pid 5184:tid 1264] [client 13.75.54.243:64148] C:/APACHEWEBSITES/disabilityleadership.dev/wp-content/uploads/wpcf7_uploads/.htaccess: Invalid command 'Deny', perhaps misspelled or defined by a module not included in the server configuration
[Sat Jan 31 03:09:08.084704 2026] [cgi:error] [pid 5184:tid 1588] [client 20.200.210.155:2843] AH02812: attempt to invoke directory as script: C:/Apache24/cgi-bin/
[Sat Jan 31 04:59:09.315194 2026] [cgi:error] [pid 5184:tid 1588] [client 51.120.69.143:21422] AH02812: attempt to invoke directory as script: C:/Apache24/cgi-bin/
[Sat Jan 31 05:00:39.657372 2026] [core:alert] [pid 5184:tid 1588] [client 51.120.69.143:51451] C:/APACHEWEBSITES/disabilityleadership.dev/wp-content/uploads/wpcf7_uploads/.htaccess: Invalid command 'Deny', perhaps misspelled or defined by a module not included in the server configuration
[Sat Jan 31 07:46:22.623464 2026] [cgi:error] [pid 5184:tid 1340] [client 52.140.123.244:16638] AH02812: attempt to invoke directory as script: C:/Apache24/cgi-bin/
[Sat Jan 31 07:46:29.704726 2026] [core:alert] [pid 5184:tid 1340] [client 52.140.123.244:16638] C:/APACHEWEBSITES/disabilityleadership.dev/wp-content/uploads/wpcf7_uploads/.htaccess: Invalid command 'Deny', perhaps misspelled or defined by a module not included in the server configuration
[Sat Jan 31 10:50:25.525739 2026] [cgi:error] [pid 5184:tid 1588] [client 13.75.54.243:43589] AH02811: script not found or unable to stat: C:/Apache24/cgi-bin/class.api.php
[Sat Jan 31 13:53:36.603421 2026] [cgi:error] [pid 5184:tid 1992] [client 20.219.8.79:8072] AH02812: attempt to invoke directory as script: C:/Apache24/cgi-bin/
[Sat Jan 31 13:53:43.650342 2026] [core:alert] [pid 5184:tid 1992] [client 20.219.8.79:8072] C:/APACHEWEBSITES/disabilityleadership.dev/wp-content/uploads/wpcf7_uploads/.htaccess: Invalid command 'Deny', perhaps misspelled or defined by a module not included in the server configuration
[Sun Feb 01 01:31:23.331527 2026] [cgi:error] [pid 5184:tid 2024] [client 20.194.29.45:33782] AH02812: attempt to invoke directory as script: C:/Apache24/cgi-bin/
[Sun Feb 01 01:31:29.831499 2026] [core:alert] [pid 5184:tid 2024] [client 20.194.29.45:33782] C:/APACHEWEBSITES/disabilityleadership.dev/wp-content/uploads/wpcf7_uploads/.htaccess: Invalid command 'Deny', perhaps misspelled or defined by a module not included in the server configuration
[Sun Feb 01 22:28:12.924971 2026] [cgi:error] [pid 5184:tid 1896] [client 104.208.113.220:15012] AH02812: attempt to invoke directory as script: C:/Apache24/cgi-bin/
[Sun Feb 01 22:54:28.779390 2026] [cgi:error] [pid 5184:tid 1992] [client 20.78.169.245:1903] AH02812: attempt to invoke directory as script: C:/Apache24/cgi-bin/
[Sun Feb 01 22:54:44.045085 2026] [core:alert] [pid 5184:tid 1992] [client 20.78.169.245:1903] C:/APACHEWEBSITES/disabilityleadership.dev/wp-content/uploads/wpcf7_uploads/.htaccess: Invalid command 'Deny', perhaps misspelled or defined by a module not included in the server configuration
[Sun Feb 01 23:29:41.644484 2026] [core:error] [pid 5184:tid 1896] (20025)The given path contained wildcard characters: [client 101.198.0.151:51442] AH00036: access to /wp-content/plugins/*","/readme.txt failed (filesystem path 'C:/APACHEWEBSITES/disabilityleadership.dev/wp-content/plugins/*","')
[Sun Feb 01 23:33:01.316327 2026] [core:error] [pid 5184:tid 1340] (20025)The given path contained wildcard characters: [client 1.192.192.6:27804] AH00036: access to /wp-content/plugins/*","/readme.txt failed (filesystem path 'C:/APACHEWEBSITES/disabilityleadership.dev/wp-content/plugins/*","')
[Tue Feb 03 07:18:02.241779 2026] [cgi:error] [pid 5184:tid 1696] [client 104.208.113.220:2382] AH02812: attempt to invoke directory as script: C:/Apache24/cgi-bin/
[Wed Feb 04 05:17:23.262644 2026] [core:alert] [pid 5184:tid 1680] [client 40.115.138.121:1884] C:/APACHEWEBSITES/disabilityleadership.dev/wp-content/uploads/wpcf7_uploads/.htaccess: Invalid command 'Deny', perhaps misspelled or defined by a module not included in the server configuration
[Wed Feb 04 11:52:24.437005 2026] [cgi:error] [pid 5184:tid 1732] [client 104.208.113.220:18455] AH02812: attempt to invoke directory as script: C:/Apache24/cgi-bin/
[Wed Feb 04 22:06:32.876086 2026] [core:alert] [pid 5184:tid 1788] [client 52.230.35.34:8791] C:/APACHEWEBSITES/disabilityleadership.dev/wp-content/uploads/wpcf7_uploads/.htaccess: Invalid command 'Deny', perhaps misspelled or defined by a module not included in the server configuration
[Thu Feb 05 20:33:49.312991 2026] [core:alert] [pid 5184:tid 1588] [client 20.219.8.79:15369] C:/APACHEWEBSITES/disabilityleadership.dev/wp-content/uploads/wpcf7_uploads/.htaccess: Invalid command 'Deny', perhaps misspelled or defined by a module not included in the server configuration
[Sat Feb 07 08:47:34.884084 2026] [core:alert] [pid 5184:tid 1592] [client 52.230.35.34:27083] C:/APACHEWEBSITES/disabilityleadership.dev/wp-content/uploads/wpcf7_uploads/.htaccess: Invalid command 'Deny', perhaps misspelled or defined by a module not included in the server configuration
[Sat Feb 07 08:47:40.384034 2026] [cgi:error] [pid 5184:tid 1592] [client 52.230.35.34:27083] AH02812: attempt to invoke directory as script: C:/Apache24/cgi-bin/
[Sun Feb 08 15:20:29.906886 2026] [core:error] [pid 5184:tid 1372] [remote 74.7.227.55:56706] AH10244: invalid URI path (/wp-content/themes/contentberg/js/%url%), referer: https://disabilityleadership.dev/wp-content/themes/contentberg/js/magnific-popup.js?ver=2.0.0
[Mon Feb 09 04:25:51.782821 2026] [core:error] [pid 5184:tid 1660] (20024)The given path is misformatted or contained invalid characters: [client 167.99.4.164:38604] AH00127: Cannot map GET /wp-content/uploads/2021/10/logo.png%20362w,%20https://disabilityleadership.dev/wp-content/uploads/2021/10/logo-300x55.png%20300w HTTP/1.1 to file, referer: https://disabilityleadership.dev/
[Mon Feb 09 04:25:53.814080 2026] [core:error] [pid 5184:tid 1660] (20024)The given path is misformatted or contained invalid characters: [client 113.174.240.156:45014] AH00127: Cannot map GET /wp-content/uploads/2021/10/logo.png%20362w,%20https://disabilityleadership.dev/wp-content/uploads/2021/10/logo-300x55.png%20300w HTTP/1.1 to file, referer: https://disabilityleadership.dev/
[Thu Feb 19 17:43:39.558816 2026] [cgi:error] [pid 5184:tid 1708] [client 20.198.76.213:58429] AH02812: attempt to invoke directory as script: C:/Apache24/cgi-bin/
[Thu Feb 19 17:43:46.886984 2026] [core:alert] [pid 5184:tid 1708] [client 20.198.76.213:58429] C:/APACHEWEBSITES/disabilityleadership.dev/wp-content/uploads/wpcf7_uploads/.htaccess: Invalid command 'Deny', perhaps misspelled or defined by a module not included in the server configuration
[Fri Feb 20 16:26:50.265532 2026] [cgi:error] [pid 5184:tid 1936] [client 20.78.146.86:8005] AH02811: script not found or unable to stat: C:/Apache24/cgi-bin/wp-2019.php
[Fri Feb 20 16:26:50.437408 2026] [cgi:error] [pid 5184:tid 1936] [client 20.78.146.86:8005] AH02811: script not found or unable to stat: C:/Apache24/cgi-bin/wp-login.php
[Sun Feb 22 08:31:39.851379 2026] [cgi:error] [pid 5184:tid 2024] [client 4.196.161.14:18580] AH02812: attempt to invoke directory as script: C:/Apache24/cgi-bin/
[Sun Feb 22 08:31:46.304781 2026] [core:alert] [pid 5184:tid 2024] [client 4.196.161.14:18580] C:/APACHEWEBSITES/disabilityleadership.dev/wp-content/uploads/wpcf7_uploads/.htaccess: Invalid command 'Deny', perhaps misspelled or defined by a module not included in the server configuration
[Sun Feb 22 14:56:09.416959 2026] [cgi:error] [pid 5184:tid 1936] [client 20.78.169.245:9090] AH02812: attempt to invoke directory as script: C:/Apache24/cgi-bin/
[Sun Feb 22 14:56:15.949456 2026] [core:alert] [pid 5184:tid 1936] [client 20.78.169.245:9090] C:/APACHEWEBSITES/disabilityleadership.dev/wp-content/uploads/wpcf7_uploads/.htaccess: Invalid command 'Deny', perhaps misspelled or defined by a module not included in the server configuration
[Mon Feb 23 04:13:04.690660 2026] [cgi:error] [pid 5184:tid 1904] [client 20.78.129.228:9948] AH02812: attempt to invoke directory as script: C:/Apache24/cgi-bin/
[Mon Feb 23 04:13:10.925563 2026] [core:alert] [pid 5184:tid 1904] [client 20.78.129.228:9948] C:/APACHEWEBSITES/disabilityleadership.dev/wp-content/uploads/wpcf7_uploads/.htaccess: Invalid command 'Deny', perhaps misspelled or defined by a module not included in the server configuration
[Mon Feb 23 04:31:02.783151 2026] [cgi:error] [pid 5184:tid 1648] [client 4.196.161.14:9549] AH02812: attempt to invoke directory as script: C:/Apache24/cgi-bin/
[Mon Feb 23 04:31:09.534864 2026] [core:alert] [pid 5184:tid 1648] [client 4.196.161.14:9549] C:/APACHEWEBSITES/disabilityleadership.dev/wp-content/uploads/wpcf7_uploads/.htaccess: Invalid command 'Deny', perhaps misspelled or defined by a module not included in the server configuration
[Mon Feb 23 13:07:05.503288 2026] [cgi:error] [pid 5184:tid 1724] [client 20.78.169.245:7664] AH02812: attempt to invoke directory as script: C:/Apache24/cgi-bin/
[Mon Feb 23 13:07:11.847068 2026] [core:alert] [pid 5184:tid 1724] [client 20.78.169.245:7664] C:/APACHEWEBSITES/disabilityleadership.dev/wp-content/uploads/wpcf7_uploads/.htaccess: Invalid command 'Deny', perhaps misspelled or defined by a module not included in the server configuration
[Mon Feb 23 18:44:52.342623 2026] [cgi:error] [pid 5184:tid 1912] [client 4.196.161.14:10316] AH02812: attempt to invoke directory as script: C:/Apache24/cgi-bin/
[Mon Feb 23 18:44:57.717694 2026] [core:alert] [pid 5184:tid 1912] [client 4.196.161.14:10316] C:/APACHEWEBSITES/disabilityleadership.dev/wp-content/uploads/wpcf7_uploads/.htaccess: Invalid command 'Deny', perhaps misspelled or defined by a module not included in the server configuration
[Mon Feb 23 23:58:58.397928 2026] [cgi:error] [pid 5184:tid 1912] [client 20.78.169.245:22826] AH02812: attempt to invoke directory as script: C:/Apache24/cgi-bin/
[Mon Feb 23 23:59:04.679227 2026] [core:alert] [pid 5184:tid 1912] [client 20.78.169.245:22826] C:/APACHEWEBSITES/disabilityleadership.dev/wp-content/uploads/wpcf7_uploads/.htaccess: Invalid command 'Deny', perhaps misspelled or defined by a module not included in the server configuration
[Tue Feb 24 10:06:31.262549 2026] [cgi:error] [pid 5184:tid 1660] [client 20.205.227.70:11453] AH02812: attempt to invoke directory as script: C:/Apache24/cgi-bin/
[Tue Feb 24 10:06:36.809454 2026] [core:alert] [pid 5184:tid 1660] [client 20.205.227.70:11453] C:/APACHEWEBSITES/disabilityleadership.dev/wp-content/uploads/wpcf7_uploads/.htaccess: Invalid command 'Deny', perhaps misspelled or defined by a module not included in the server configuration
[Wed Feb 25 08:18:20.068321 2026] [cgi:error] [pid 5184:tid 1560] [client 4.193.97.168:10779] AH02812: attempt to invoke directory as script: C:/Apache24/cgi-bin/
[Wed Feb 25 08:18:27.117044 2026] [core:alert] [pid 5184:tid 1560] [client 4.193.97.168:10779] C:/APACHEWEBSITES/disabilityleadership.dev/wp-content/uploads/wpcf7_uploads/.htaccess: Invalid command 'Deny', perhaps misspelled or defined by a module not included in the server configuration
[Wed Feb 25 20:45:24.527968 2026] [cgi:error] [pid 5184:tid 1780] [client 20.205.227.70:20623] AH02812: attempt to invoke directory as script: C:/Apache24/cgi-bin/
[Wed Feb 25 20:45:29.925248 2026] [core:alert] [pid 5184:tid 1780] [client 20.205.227.70:20623] C:/APACHEWEBSITES/disabilityleadership.dev/wp-content/uploads/wpcf7_uploads/.htaccess: Invalid command 'Deny', perhaps misspelled or defined by a module not included in the server configuration
[Thu Feb 26 03:27:20.582587 2026] [cgi:error] [pid 5184:tid 1960] [client 4.193.97.168:16192] AH02812: attempt to invoke directory as script: C:/Apache24/cgi-bin/
[Thu Feb 26 03:27:27.388117 2026] [core:alert] [pid 5184:tid 1960] [client 4.193.97.168:16192] C:/APACHEWEBSITES/disabilityleadership.dev/wp-content/uploads/wpcf7_uploads/.htaccess: Invalid command 'Deny', perhaps misspelled or defined by a module not included in the server configuration
[Thu Feb 26 22:38:09.885899 2026] [cgi:error] [pid 5184:tid 1648] [client 4.193.97.168:10480] AH02812: attempt to invoke directory as script: C:/Apache24/cgi-bin/
[Thu Feb 26 22:38:16.794724 2026] [core:alert] [pid 5184:tid 1648] [client 4.193.97.168:10480] C:/APACHEWEBSITES/disabilityleadership.dev/wp-content/uploads/wpcf7_uploads/.htaccess: Invalid command 'Deny', perhaps misspelled or defined by a module not included in the server configuration
[Fri Feb 27 08:05:43.445877 2026] [core:alert] [pid 5184:tid 1860] [client 20.92.234.66:18953] C:/APACHEWEBSITES/disabilityleadership.dev/wp-content/uploads/wpcf7_uploads/.htaccess: Invalid command 'Deny', perhaps misspelled or defined by a module not included in the server configuration
[Sun Mar 01 07:18:07.582471 2026] [cgi:error] [pid 5184:tid 1848] [client 20.89.52.173:18141] AH02812: attempt to invoke directory as script: C:/Apache24/cgi-bin/
[Sun Mar 01 07:18:14.192201 2026] [core:alert] [pid 5184:tid 1848] [client 20.89.52.173:18141] C:/APACHEWEBSITES/disabilityleadership.dev/wp-content/uploads/wpcf7_uploads/.htaccess: Invalid command 'Deny', perhaps misspelled or defined by a module not included in the server configuration
[Sun Mar 01 19:24:15.793004 2026] [core:alert] [pid 5184:tid 1692] [client 20.63.210.169:25751] C:/APACHEWEBSITES/disabilityleadership.dev/wp-content/uploads/wpcf7_uploads/.htaccess: Invalid command 'Deny', perhaps misspelled or defined by a module not included in the server configuration
[Mon Mar 02 02:51:53.169844 2026] [core:alert] [pid 5184:tid 1592] [client 20.63.210.169:23328] C:/APACHEWEBSITES/disabilityleadership.dev/wp-content/uploads/wpcf7_uploads/.htaccess: Invalid command 'Deny', perhaps misspelled or defined by a module not included in the server configuration
[Mon Mar 02 02:57:51.561118 2026] [cgi:error] [pid 5184:tid 1648] [client 20.89.52.173:23432] AH02812: attempt to invoke directory as script: C:/Apache24/cgi-bin/
[Mon Mar 02 02:57:57.686142 2026] [core:alert] [pid 5184:tid 1648] [client 20.89.52.173:23432] C:/APACHEWEBSITES/disabilityleadership.dev/wp-content/uploads/wpcf7_uploads/.htaccess: Invalid command 'Deny', perhaps misspelled or defined by a module not included in the server configuration
[Mon Mar 02 04:42:35.408041 2026] [cgi:error] [pid 5184:tid 2016] [client 20.198.0.58:51372] AH02812: attempt to invoke directory as script: C:/Apache24/cgi-bin/
[Mon Mar 02 04:42:35.637981 2026] [cgi:error] [pid 5184:tid 2016] [client 20.198.0.58:51372] AH02811: script not found or unable to stat: C:/Apache24/cgi-bin/xmrlpc.php
[Mon Mar 02 04:43:00.795400 2026] [core:alert] [pid 5184:tid 2016] [client 20.198.0.58:51372] C:/APACHEWEBSITES/disabilityleadership.dev/wp-content/uploads/wpcf7_uploads/.htaccess: Invalid command 'Deny', perhaps misspelled or defined by a module not included in the server configuration
[Mon Mar 02 23:55:19.405197 2026] [core:alert] [pid 5184:tid 1612] [client 20.63.210.169:27765] C:/APACHEWEBSITES/disabilityleadership.dev/wp-content/uploads/wpcf7_uploads/.htaccess: Invalid command 'Deny', perhaps misspelled or defined by a module not included in the server configuration
[Tue Mar 03 07:26:54.712189 2026] [core:alert] [pid 5184:tid 1920] [client 20.63.210.169:4881] C:/APACHEWEBSITES/disabilityleadership.dev/wp-content/uploads/wpcf7_uploads/.htaccess: Invalid command 'Deny', perhaps misspelled or defined by a module not included in the server configuration
[Tue Mar 03 07:39:27.994562 2026] [cgi:error] [pid 5184:tid 1920] [client 52.253.113.41:19335] AH02812: attempt to invoke directory as script: C:/Apache24/cgi-bin/
[Tue Mar 03 07:39:32.822777 2026] [core:alert] [pid 5184:tid 1920] [client 52.253.113.41:19335] C:/APACHEWEBSITES/disabilityleadership.dev/wp-content/uploads/wpcf7_uploads/.htaccess: Invalid command 'Deny', perhaps misspelled or defined by a module not included in the server configuration
[Tue Mar 03 17:23:12.754056 2026] [cgi:error] [pid 5184:tid 1808] [client 20.205.227.70:20421] AH02811: script not found or unable to stat: C:/Apache24/cgi-bin/xmrlpc.php
[Tue Mar 03 18:32:07.257306 2026] [cgi:error] [pid 5184:tid 1808] [client 20.198.0.58:58312] AH02811: script not found or unable to stat: C:/Apache24/cgi-bin/xmrlpc.php
[Tue Mar 03 21:46:17.806288 2026] [core:alert] [pid 5184:tid 1960] [client 20.63.210.169:17158] C:/APACHEWEBSITES/disabilityleadership.dev/wp-content/uploads/wpcf7_uploads/.htaccess: Invalid command 'Deny', perhaps misspelled or defined by a module not included in the server configuration
[Wed Mar 04 17:53:59.710746 2026] [cgi:error] [pid 5184:tid 1716] [client 20.205.227.70:11130] AH02811: script not found or unable to stat: C:/Apache24/cgi-bin/xmrlpc.php
[Wed Mar 04 17:54:11.617084 2026] [cgi:error] [pid 5184:tid 1716] [client 20.205.227.70:11130] AH02812: attempt to invoke directory as script: C:/Apache24/cgi-bin/
[Wed Mar 04 17:54:17.013335 2026] [core:alert] [pid 5184:tid 1716] [client 20.205.227.70:11130] C:/APACHEWEBSITES/disabilityleadership.dev/wp-content/uploads/wpcf7_uploads/.htaccess: Invalid command 'Deny', perhaps misspelled or defined by a module not included in the server configuration
[Thu Mar 05 06:33:56.623541 2026] [core:alert] [pid 5184:tid 1624] [client 13.70.40.215:8582] C:/APACHEWEBSITES/disabilityleadership.dev/wp-content/uploads/wpcf7_uploads/.htaccess: Invalid command 'Deny', perhaps misspelled or defined by a module not included in the server configuration
[Thu Mar 05 13:15:17.912225 2026] [core:alert] [pid 5184:tid 1808] [client 52.253.113.41:5742] C:/APACHEWEBSITES/disabilityleadership.dev/wp-content/uploads/wpcf7_uploads/.htaccess: Invalid command 'Deny', perhaps misspelled or defined by a module not included in the server configuration
[Thu Mar 05 13:15:22.661922 2026] [cgi:error] [pid 5184:tid 1808] [client 52.253.113.41:5742] AH02812: attempt to invoke directory as script: C:/Apache24/cgi-bin/
[Thu Mar 05 13:19:55.037905 2026] [cgi:error] [pid 5184:tid 1808] [client 13.70.40.215:29215] AH02812: attempt to invoke directory as script: C:/Apache24/cgi-bin/
[Thu Mar 05 13:20:18.460441 2026] [core:alert] [pid 5184:tid 1808] [client 13.70.40.215:29215] C:/APACHEWEBSITES/disabilityleadership.dev/wp-content/uploads/wpcf7_uploads/.htaccess: Invalid command 'Deny', perhaps misspelled or defined by a module not included in the server configuration
[Fri Mar 06 07:03:13.908994 2026] [core:alert] [pid 5184:tid 2000] [client 13.70.40.215:28849] C:/APACHEWEBSITES/disabilityleadership.dev/wp-content/uploads/wpcf7_uploads/.htaccess: Invalid command 'Deny', perhaps misspelled or defined by a module not included in the server configuration
[Fri Mar 06 17:28:42.613802 2026] [core:alert] [pid 5184:tid 1892] [client 13.70.40.215:30456] C:/APACHEWEBSITES/disabilityleadership.dev/wp-content/uploads/wpcf7_uploads/.htaccess: Invalid command 'Deny', perhaps misspelled or defined by a module not included in the server configuration
[Fri Mar 06 17:29:23.679209 2026] [cgi:error] [pid 5184:tid 1892] [client 13.70.40.215:30456] AH02812: attempt to invoke directory as script: C:/Apache24/cgi-bin/
[Sat Mar 07 09:10:54.723044 2026] [core:alert] [pid 5184:tid 1612] [client 52.253.113.41:22856] C:/APACHEWEBSITES/disabilityleadership.dev/wp-content/uploads/wpcf7_uploads/.htaccess: Invalid command 'Deny', perhaps misspelled or defined by a module not included in the server configuration
[Sat Mar 07 09:10:59.590824 2026] [cgi:error] [pid 5184:tid 1612] [client 52.253.113.41:22856] AH02812: attempt to invoke directory as script: C:/Apache24/cgi-bin/
[Sat Mar 07 11:41:20.713948 2026] [cgi:error] [pid 5184:tid 1592] [client 13.70.40.215:31011] AH02812: attempt to invoke directory as script: C:/Apache24/cgi-bin/
[Sat Mar 07 11:41:43.968596 2026] [core:alert] [pid 5184:tid 1592] [client 13.70.40.215:31011] C:/APACHEWEBSITES/disabilityleadership.dev/wp-content/uploads/wpcf7_uploads/.htaccess: Invalid command 'Deny', perhaps misspelled or defined by a module not included in the server configuration
[Sun Mar 08 06:15:57.739011 2026] [core:alert] [pid 5184:tid 1796] [client 13.70.40.215:20023] C:/APACHEWEBSITES/disabilityleadership.dev/wp-content/uploads/wpcf7_uploads/.htaccess: Invalid command 'Deny', perhaps misspelled or defined by a module not included in the server configuration
[Sun Mar 08 11:29:35.030888 2026] [core:alert] [pid 5184:tid 2000] [client 52.253.113.41:6522] C:/APACHEWEBSITES/disabilityleadership.dev/wp-content/uploads/wpcf7_uploads/.htaccess: Invalid command 'Deny', perhaps misspelled or defined by a module not included in the server configuration
[Sun Mar 08 11:29:39.819589 2026] [cgi:error] [pid 5184:tid 2000] [client 52.253.113.41:6522] AH02812: attempt to invoke directory as script: C:/Apache24/cgi-bin/
[Mon Mar 09 01:47:28.023830 2026] [core:error] [pid 5184:tid 4912] (20024)The given path is misformatted or contained invalid characters: [remote 74.7.227.144:36826] AH00127: Cannot map GET /%22%22).concat(this.escapeHTML(url), HTTP/2.0 to file, referer: https://disabilityleadership.dev/wp-content/plugins/elementor-pro/assets/js/page-transitions.js
[Mon Mar 09 01:51:16.441464 2026] [core:error] [pid 5184:tid 1372] (20024)The given path is misformatted or contained invalid characters: [remote 74.7.227.144:36826] AH00127: Cannot map GET /%22%22+d+%22/%22 HTTP/2.0 to file, referer: https://disabilityleadership.dev/wp-content/plugins/elementor/assets/lib/inline-editor/js/inline-editor.min.js
[Mon Mar 09 01:51:16.921047 2026] [core:error] [pid 5184:tid 1308] (20024)The given path is misformatted or contained invalid characters: [remote 74.7.227.144:36826] AH00127: Cannot map GET /%22%22+c+%22/%22 HTTP/2.0 to file, referer: https://disabilityleadership.dev/wp-content/plugins/elementor/assets/lib/inline-editor/js/inline-editor.min.js
[Tue Mar 10 13:05:06.022254 2026] [cgi:error] [pid 5184:tid 1696] [client 13.70.40.215:20811] AH02812: attempt to invoke directory as script: C:/Apache24/cgi-bin/
[Tue Mar 10 13:05:07.873276 2026] [core:alert] [pid 5184:tid 1696] [client 13.70.40.215:20811] C:/APACHEWEBSITES/disabilityleadership.dev/wp-content/uploads/wpcf7_uploads/.htaccess: Invalid command 'Deny', perhaps misspelled or defined by a module not included in the server configuration
[Wed Mar 11 17:43:42.668606 2026] [core:error] [pid 5184:tid 1620] (20024)The given path is misformatted or contained invalid characters: [client 167.148.117.186:49009] AH00127: Cannot map GET /wp-content/uploads/2021/10/IMG_3399-1024x683.jpeg%201024w,%20https://disabilityleadership.dev/wp-content/uploads/2021/10/IMG_3399-300x200.jpeg%20300w,%20https://disabilityleadership.dev/wp-content/uploads/2021/10/IMG_3399-768x512.jpeg%20768w,%20https://disabilityleadership.dev/wp-content/uploads/2021/10/IMG_3399-270x180.jpeg%20270w,%20https://disabilityleadership.dev/wp-content/uploads/2021/10/IMG_3399-770x515.jpeg%20770w,%20https://disabilityleadership.dev/wp-content/uploads/2021/10/IMG_3399.jpeg%201500w HTTP/1.1 to file, referer: https://disabilityleadership.dev/
[Wed Mar 11 17:43:42.699854 2026] [core:error] [pid 5184:tid 1740] (20024)The given path is misformatted or contained invalid characters: [client 143.20.81.226:44789] AH00127: Cannot map GET /wp-content/uploads/2021/10/2015-Midyear-LPA-1440x1080-1-1024x768.jpeg%201024w,%20https://disabilityleadership.dev/wp-content/uploads/2021/10/2015-Midyear-LPA-1440x1080-1-300x225.jpeg%20300w,%20https://disabilityleadership.dev/wp-content/uploads/2021/10/2015-Midyear-LPA-1440x1080-1-768x576.jpeg%20768w,%20https://disabilityleadership.dev/wp-content/uploads/2021/10/2015-Midyear-LPA-1440x1080-1.jpeg%201440w HTTP/1.1 to file, referer: https://disabilityleadership.dev/
[Wed Mar 11 17:43:42.731086 2026] [core:error] [pid 5184:tid 2008] (20024)The given path is misformatted or contained invalid characters: [client 143.14.6.88:52565] AH00127: Cannot map GET /wp-content/uploads/2021/10/2-1024x679.jpeg%201024w,%20https://disabilityleadership.dev/wp-content/uploads/2021/10/2-300x199.jpeg%20300w,%20https://disabilityleadership.dev/wp-content/uploads/2021/10/2-768x509.jpeg%20768w,%20https://disabilityleadership.dev/wp-content/uploads/2021/10/2-270x180.jpeg%20270w,%20https://disabilityleadership.dev/wp-content/uploads/2021/10/2-370x245.jpeg%20370w,%20https://disabilityleadership.dev/wp-content/uploads/2021/10/2.jpeg%201500w HTTP/1.1 to file, referer: https://disabilityleadership.dev/
[Wed Mar 11 17:43:42.746698 2026] [core:error] [pid 5184:tid 1848] (20024)The given path is misformatted or contained invalid characters: [client 143.20.81.67:62075] AH00127: Cannot map GET /wp-content/uploads/2021/10/ADA25_NCIL_07-30-2015_LOW-RES-129.jpeg%20900w,%20https://disabilityleadership.dev/wp-content/uploads/2021/10/ADA25_NCIL_07-30-2015_LOW-RES-129-300x200.jpeg%20300w,%20https://disabilityleadership.dev/wp-content/uploads/2021/10/ADA25_NCIL_07-30-2015_LOW-RES-129-768x513.jpeg%20768w,%20https://disabilityleadership.dev/wp-content/uploads/2021/10/ADA25_NCIL_07-30-2015_LOW-RES-129-270x180.jpeg%20270w,%20https://disabilityleadership.dev/wp-content/uploads/2021/10/ADA25_NCIL_07-30-2015_LOW-RES-129-770x515.jpeg%20770w HTTP/1.1 to file, referer: https://disabilityleadership.dev/
[Wed Mar 11 17:43:42.762327 2026] [core:error] [pid 5184:tid 1680] (20024)The given path is misformatted or contained invalid characters: [client 143.20.253.137:63875] AH00127: Cannot map GET /wp-content/uploads/2021/10/ADA25_NCIL_07-30-2015_LOW-RES-132.jpeg%20900w,%20https://disabilityleadership.dev/wp-content/uploads/2021/10/ADA25_NCIL_07-30-2015_LOW-RES-132-300x200.jpeg%20300w,%20https://disabilityleadership.dev/wp-content/uploads/2021/10/ADA25_NCIL_07-30-2015_LOW-RES-132-768x513.jpeg%20768w,%20https://disabilityleadership.dev/wp-content/uploads/2021/10/ADA25_NCIL_07-30-2015_LOW-RES-132-270x180.jpeg%20270w,%20https://disabilityleadership.dev/wp-content/uploads/2021/10/ADA25_NCIL_07-30-2015_LOW-RES-132-770x515.jpeg%20770w HTTP/1.1 to file, referer: https://disabilityleadership.dev/
[Wed Mar 11 17:43:42.777951 2026] [core:error] [pid 5184:tid 2000] (20024)The given path is misformatted or contained invalid characters: [client 207.180.11.157:36079] AH00127: Cannot map GET /wp-content/uploads/2021/10/5-2-1440x1080-1-1024x768.jpeg%201024w,%20https://disabilityleadership.dev/wp-content/uploads/2021/10/5-2-1440x1080-1-300x225.jpeg%20300w,%20https://disabilityleadership.dev/wp-content/uploads/2021/10/5-2-1440x1080-1-768x576.jpeg%20768w,%20https://disabilityleadership.dev/wp-content/uploads/2021/10/5-2-1440x1080-1.jpeg%201440w HTTP/1.1 to file, referer: https://disabilityleadership.dev/
[Wed Mar 11 17:43:42.856078 2026] [core:error] [pid 5184:tid 1920] (20024)The given path is misformatted or contained invalid characters: [client 143.14.6.36:17299] AH00127: Cannot map GET /wp-content/uploads/2021/10/Beth_Marks-and-Kathy_Martinez.jpeg%20335w,%20https://disabilityleadership.dev/wp-content/uploads/2021/10/Beth_Marks-and-Kathy_Martinez-300x210.jpeg%20300w HTTP/1.1 to file, referer: https://disabilityleadership.dev/
[Wed Mar 11 17:43:47.106111 2026] [core:error] [pid 5184:tid 1960] (20024)The given path is misformatted or contained invalid characters: [client 84.42.73.176:14891] AH00127: Cannot map GET /wp-content/uploads/2021/10/2-1024x679.jpeg%201024w,%20https://disabilityleadership.dev/wp-content/uploads/2021/10/2-300x199.jpeg%20300w,%20https://disabilityleadership.dev/wp-content/uploads/2021/10/2-768x509.jpeg%20768w,%20https://disabilityleadership.dev/wp-content/uploads/2021/10/2-270x180.jpeg%20270w,%20https://disabilityleadership.dev/wp-content/uploads/2021/10/2-370x245.jpeg%20370w,%20https://disabilityleadership.dev/wp-content/uploads/2021/10/2.jpeg%201500w HTTP/1.1 to file, referer: https://disabilityleadership.dev/
[Wed Mar 11 17:43:48.121746 2026] [core:error] [pid 5184:tid 1588] (20024)The given path is misformatted or contained invalid characters: [client 41.111.61.31:44278] AH00127: Cannot map GET /wp-content/uploads/2021/10/Beth_Marks-and-Kathy_Martinez.jpeg%20335w,%20https://disabilityleadership.dev/wp-content/uploads/2021/10/Beth_Marks-and-Kathy_Martinez-300x210.jpeg%20300w HTTP/1.1 to file, referer: https://disabilityleadership.dev/
[Wed Mar 11 17:43:48.512373 2026] [core:error] [pid 5184:tid 1920] (20024)The given path is misformatted or contained invalid characters: [client 169.224.95.159:41210] AH00127: Cannot map GET /wp-content/uploads/2021/10/2015-Midyear-LPA-1440x1080-1-1024x768.jpeg%201024w,%20https://disabilityleadership.dev/wp-content/uploads/2021/10/2015-Midyear-LPA-1440x1080-1-300x225.jpeg%20300w,%20https://disabilityleadership.dev/wp-content/uploads/2021/10/2015-Midyear-LPA-1440x1080-1-768x576.jpeg%20768w,%20https://disabilityleadership.dev/wp-content/uploads/2021/10/2015-Midyear-LPA-1440x1080-1.jpeg%201440w HTTP/1.1 to file, referer: https://disabilityleadership.dev/
[Wed Mar 11 17:43:48.621749 2026] [core:error] [pid 5184:tid 1548] (20024)The given path is misformatted or contained invalid characters: [client 144.124.192.45:48562] AH00127: Cannot map GET /wp-content/uploads/2021/10/5-2-1440x1080-1-1024x768.jpeg%201024w,%20https://disabilityleadership.dev/wp-content/uploads/2021/10/5-2-1440x1080-1-300x225.jpeg%20300w,%20https://disabilityleadership.dev/wp-content/uploads/2021/10/5-2-1440x1080-1-768x576.jpeg%20768w,%20https://disabilityleadership.dev/wp-content/uploads/2021/10/5-2-1440x1080-1.jpeg%201440w HTTP/1.1 to file, referer: https://disabilityleadership.dev/
[Wed Mar 11 17:43:49.684276 2026] [core:error] [pid 5184:tid 1724] (20024)The given path is misformatted or contained invalid characters: [client 149.86.146.196:6620] AH00127: Cannot map GET /wp-content/uploads/2021/10/IMG_3399-1024x683.jpeg%201024w,%20https://disabilityleadership.dev/wp-content/uploads/2021/10/IMG_3399-300x200.jpeg%20300w,%20https://disabilityleadership.dev/wp-content/uploads/2021/10/IMG_3399-768x512.jpeg%20768w,%20https://disabilityleadership.dev/wp-content/uploads/2021/10/IMG_3399-270x180.jpeg%20270w,%20https://disabilityleadership.dev/wp-content/uploads/2021/10/IMG_3399-770x515.jpeg%20770w,%20https://disabilityleadership.dev/wp-content/uploads/2021/10/IMG_3399.jpeg%201500w HTTP/1.1 to file, referer: https://disabilityleadership.dev/
[Wed Mar 11 17:43:50.512427 2026] [core:error] [pid 5184:tid 1832] (20024)The given path is misformatted or contained invalid characters: [client 176.232.183.32:35719] AH00127: Cannot map GET /wp-content/uploads/2021/10/ADA25_NCIL_07-30-2015_LOW-RES-132.jpeg%20900w,%20https://disabilityleadership.dev/wp-content/uploads/2021/10/ADA25_NCIL_07-30-2015_LOW-RES-132-300x200.jpeg%20300w,%20https://disabilityleadership.dev/wp-content/uploads/2021/10/ADA25_NCIL_07-30-2015_LOW-RES-132-768x513.jpeg%20768w,%20https://disabilityleadership.dev/wp-content/uploads/2021/10/ADA25_NCIL_07-30-2015_LOW-RES-132-270x180.jpeg%20270w,%20https://disabilityleadership.dev/wp-content/uploads/2021/10/ADA25_NCIL_07-30-2015_LOW-RES-132-770x515.jpeg%20770w HTTP/1.1 to file, referer: https://disabilityleadership.dev/
